inder when n is divided by 13.
4
Let b = 474 + -449. Calculate the remainder when b is divided by 8.
1
Suppose -5*p + 5 + 0 = 0. Let i(w) = w**3 - 4*w**2 - 5*w + 11. Let u be i(5). Let m = u + -10. Calculate the remainder when p is divided by m.
0
Suppose 5*v - 49 - 151 = -2*p, 0 = -4*p. What is the remainder when 116 is divided by v?
36
Let k(s) = -s**3 - 2*s**2 + 7*s + 5. What is the remainder when k(-5) is divided by 23?
22
Let x(o) = -105*o - 655. Calculate the remainder when x(-8) is divided by 123.
62
Suppose 0 = u - 4, u = 2*j + 9 - 39. Let x = j - -10. What is the remainder when x is divided by 14?
13
Let c(b) = 3*b**2 + 1. Let p be (-1)/(1 + 40/(-36)). Suppose -2*z = z - p. What is the remainder when c(z) is divided by 8?
4
Suppose 5 = n + 3. Calculate the remainder when 82 is divided by (n/(-5))/((-3)/105).
12
Suppose -4*n + 3 - 15 = 0, 4*n + 6297 = 5*d. What is the remainder when d is divided by 45?
42
Let y = -1185 + 1256. What is the remainder when 166 is divided by y?
24
Let s(x) = x**2 - 6*x - 37. What is the remainder when 212 is divided by s(13)?
50
What is the remainder when 32 is divided by (-9)/(-2)*5 + 17/34?
9
Suppose 1230 = 35*z - 25*z. Calculate the remainder when z is divided by 38.
9
Let o(y) = -3*y**2 - 6 + 27*y + 0 - 1. Calculate the remainder when 66 is divided by o(8).
15
Suppose -35*x + 864 + 151 = 0. What is the remainder when 65 is divided by x?
7
Suppose 0 = 4*h - 5*l - 107, -6*h + 4*h + 4*l = -46. What is the remainder when 195 is divided by h?
30
Let f(w) = 16*w**2 - 70*w - 13. Let a(b) = 9*b + 4. Let v be a(4). Suppose -g - 4*g = -v. Calculate the remainder when f(5) is divided by g.
5
Let f(w) = -68*w + 1. Let l be f(2). Let k = l + 219. Suppose -24 = 2*s - k. What is the remainder when s is divided by 8?
6
Let c = -561 - -585. What is the remainder when 70 is divided by c?
22
Let x = 5 + 7. Let q(d) = -5 + 13 - d**3 + 5 + 9*d**2 + 4*d**2 - 8*d. What is the remainder when q(x) is divided by 21?
19
Calculate the remainder when (96/(-60))/((-32)/2920) is divided by 22.
14
Suppose -2*v - 4 = -92. Let m(w) be the second derivative of w**4/12 + 3*w**3/2 + 15*w**2 - 8*w. Calculate the remainder when v is divided by m(-6).
8
Suppose -3*z - c + 9 = -0*c, 6 = 2*c. Let y = z - -1. Suppose 5*h - y*o = 44, 5*h + 0*h - 47 = 4*o. What is the remainder when 27 is divided by h?
6
Suppose 11*p - 10*p = 0. Suppose 3*f + h - 273 = -h, p = 2*f - h - 175. Calculate the remainder when f is divided by 23.
20
What is the remainder when 496/7 - ((-86)/14 + 6) is divided by 24?
23
What is the remainder when 545 is divided by (-2 + 3)*(-1)/(1/(-19))?
13
Let b be 18*((-58)/(-6) - 3). Suppose 8*n = 2*n + b. Calculate the remainder when n is divided by 7.
6
Let a = -40 - -36. What is the remainder when (-1)/a + (-2)/16*-230 is divided by 3/(-2)*(0 + -10)?
14
Suppose -k = 2*j + 20, 5*j - 4*k = -0*k - 76. Let m = 14 + j. Suppose -m*g = -2 - 4. Calculate the remainder when 11 is divided by g.
2
Let o(n) = 11*n**2 - 16 + 6 - n + n**3 - 10*n**2. Let r be o(0). Let t = 16 + r. What is the remainder when 23 is divided by t?
5
Calculate the remainder when 743/4 + (-1)/(-4) is divided by 0 + -31 - -17 - (0 - 61).
45
Suppose 0 = -8*s - s + 54. Calculate the remainder when 24 is divided by s.
0
Let o(k) = 7*k**2 + 2*k. What is the remainder when o(-5) is divided by 19?
13
Suppose -5*l - 2*c - 5 = 0, 5*l - 6 = c + 4. Suppose -z = -l - 2. Suppose -z*k + 55 = -29. Calculate the remainder when 53 is divided by k.
25
Let l(f) = 3*f**3 - 2*f**2 + 2*f - 1. Let w be l(1). Suppose -i = -4*b - b + 231, -2*i - w = 0. Calculate the remainder when b is divided by 15 - 4/(1 - 5).
14
Suppose d - 3*f - 32 = -0*f, -4*d + 184 = 2*f. Let l = 31 - 19. What is the remainder when d is divided by l?
8
Suppose 3*m - 8 - 19 = 0. Suppose m*p = 5*p + 84. What is the remainder when 103 is divided by p?
19
Let t be (-15)/(-20) + (-14)/8. Let j(k) be the third derivative of -7*k**6/60 - k**3/6 + 2*k**2. Calculate the remainder when j(t) is divided by 7.
6
Suppose 2*t + 5*a + 31 = 0, t + 5 = -a + 2*a. Let s be 0 - (-34 + (-2 - -6)). Let m = s + t. What is the remainder when 86 is divided by m?
20
Let r = 25 + -15. Let s(m) be the first derivative of -m**3/3 - 7*m**2/2 - 1. Calculate the remainder when r is divided by s(-6).
4
Suppose -q = -p - 3 - 2, 4*p = -4*q - 44. Let n = -30 + 17. Let y = p - n. Calculate the remainder when 8 is divided by y.
3
Let k = 117 - 77. Suppose 4*g - 4*u = k, 17 = -2*g + 4*g + u. Calculate the remainder when 6*(-1 + 40/6) is divided by g.
7
Let u(y) = y**3 - 10*y**2 + 4. Let x be u(10). Suppose 3*z = -3*k + x*k - 24, -76 = -2*k - z. What is the remainder when 106 is divided by k?
34
Suppose -2*v = -s + 10, -4*s - 3*v + 6 = -12. Suppose s*j = 3*j + 51. Calculate the remainder when j is divided by ((-4)/14)/((-3 + 1)/70).
7
Suppose 587 = 6*d + 113. Calculate the remainder when d is divided by 16.
15
Let h = -28 + 83. Let y = 21 + h. Calculate the remainder when y is divided by 16.
12
Suppose 2*s - 2*n + 41 = s, 0 = 3*s - 2*n + 119. Let t = s + 72. Suppose -20*v + 90 = -15*v. Calculate the remainder when t is divided by v.
15
Let b = -81 - -88. What is the remainder when 25 is divided by b?
4
Let c(u) = -3*u**2 - 7*u + 3. Let g be c(-3). Calculate the remainder when (-412)/(-14) - -6*g/42 is divided by 3.
2
Suppose z = 2*i + 9, -4*z = 4*i - 5 - 55. Let q be (16/(-24))/(1/78). What is the remainder when -3 + q*(-2)/4 is divided by z?
10
Suppose 2*m - 2*j - 30 = 0, -2*j + 101 = 5*m + 19. Calculate the remainder when 93 is divided by m.
13
Suppose 36*j - 26*j = 4010. What is the remainder when j is divided by 34?
27
Suppose -2*b + 150 = 2*q - 0*q, -4*b + 16 = 0. Let v = -16 - -38. Let l(o) = 2*o - 7. What is the remainder when q is divided by l(v)?
34
Suppose -o - o - 24 = 0. Suppose -161*a = -175*a - 560. Calculate the remainder when 40 is divided by (21/o)/(5/a).
12
Let w(s) = -2*s**2 - 9. Let c(j) = j**2 + j + 8. Let q(h) = 3*c(h) + 2*w(h). Calculate the remainder when q(4) is divided by 2.
0
Let f(s) = 9*s - 49. What is the remainder when f(10) is divided by 19?
3
Let j = -129 + 222. Suppose j + 15 = 9*m. What is the remainder when 34 is divided by m?
10
Suppose -2*d + 50 = -a, 2*d + 3*a - 94 = -36. Calculate the remainder when 47 is divided by d.
21
Suppose -1656*k + 2656 = -1648*k. Calculate the remainder when k is divided by 109.
5
Let v = 6 - 4. Suppose -o = -2*n, 4 = -v*n + 6*o - 4*o. What is the remainder when 14 is divided by n?
0
Let s = -275 + 341. What is the remainder when s is divided by 14?
10
What is the remainder when 219 is divided by 21 - -11*(15/(-55))/3?
19
Suppose 0 = 5*l + 56 + 19. Let h(w) = -w**3 - 15*w**2 + w + 25. Let z(b) = 2*b**2 + 10*b + 7. Calculate the remainder when z(-6) is divided by h(l).
9
Let d(j) = 2*j + 3*j**3 - j**2 - 2*j**2 + 0*j**3. Let a(k) = 26*k - 33. Calculate the remainder when a(3) is divided by d(2).
13
Let s(f) = f + 3. Let v(t) = -t**3 + 13*t**2 + t - 13. Let i be v(13). Let x be s(i). Calculate the remainder when x*(-7)/(63/(-30)) is divided by 3.
1
Let a be 7/((-7)/(-18)) + -2*1. Suppose 2*i - 3*y - y = -8, 5*i - y = a. Calculate the remainder when 15 is divided by i.
3
Suppose 3*g + 351 = 5*p + g, 5*p = g + 348. Calculate the remainder when p is divided by 8.
5
Suppose -232 = -2*v - 16. Let s = -57 + v. What is the remainder when s is divided by 13?
12
Suppose 2*d - 60 = -2*d. Suppose 34 - 7 = 3*t. What is the remainder when d is divided by ((-18)/(-3))/(t/6)?
3
Calculate the remainder when 256 is divided by 69 + 1 + (-10)/2.
61
Suppose 0 = -a + 5*g - 21, a - 3*g = -3*a + 1. Let o(r) = 3*r**2 + r - 2. Calculate the remainder when o(a) is divided by 19.
12
What is the remainder when 7680/180 + ((-4)/6)/(-2) is divided by 9?
7
Let r = -15 + 18. What is the remainder when (-5)/(1/(0 + -2)) is divided by 2 + 2 + -3 + r?
2
Suppose -3*v = 0, 36 = 4*z - 2*v + 7*v. What is the remainder when 27 is divided by z?
0
Let u(h) = -26*h - 15 + 44*h - 30*h. Calculate the remainder when u(-5) is divided by 23.
22
Let f(s) = -3*s**3 - 3*s**2 + 3*s. Let k(j) = 6*j + 2*j**3 - 6*j + 2*j**2 - 2*j. Let y(l) = -3*f(l) - 4*k(l). What is the remainder when 19 is divided by y(2)?
9
Suppose -147 = -5*s + 18. Suppose i -